Let z be d(s). Calculate the greatest common factor of z and 27.
27
Suppose -6*h - 164 + 1958 = 0. Let p = -291 + h. What is the greatest common divisor of 128 and p?
8
Let b = -83 - -83. Suppose k - 2*k - 92 = b. Let w be (k/3)/(((-4)/6)/1). Calculate the highest common factor of w and 414.
46
Let w be (-6 - -8)/(14/1204). Let t be (-4)/(-6)*(14 + -3 + -5). What is the highest common divisor of w and t?
4
Let g(z) = 15*z**2 + 11*z - 18. Let f be g(6). Let j = f - 268. Calculate the highest common factor of j and 10.
10
Let u be 56*-1*(-3 + 25/10). Suppose u*p - 940 = 12. What is the highest common factor of p and 374?
34
Let n(d) = -2*d**2 + 4*d + 4. Let m be n(-6). Let o = m - -142. What is the highest common factor of o and 20?
10
Let o(p) = p**3 + 11*p**2 + 12*p + 30. Let s be o(-10). Suppose -3 = -2*g + 9. Let q = 26 - g. Calculate the highest common factor of s and q.
10
Suppose 2*c = -2*i + 10, -2*c + 4*c + 3*i = 13. Suppose -2 = c*g, 77 = 4*n - 6*g + g. Suppose -7*l + 720 = -2*l. What is the highest common factor of l and n?
18
Let v be 8/108 + 54396/486. What is the greatest common divisor of v and 192?
16
Suppose 29293*x - 29248*x = 14040. What is the highest common divisor of 2171 and x?
13
Let y = 99 + -87. Let w be (2/(2 - 0))/(y/288). Let m be 5/((-15)/(-108))*w/18. What is the highest common divisor of 12 and m?
12
Let d = 2014 - 1093. Suppose 3*b - 2*b + 456 = a, -2*a + d = b. What is the highest common divisor of 51 and a?
51
Let c = -594 - -494. Let y = c - -108. Calculate the greatest common divisor of y and 20.
4
Let q = 146 + -124. Suppose 2*w - 33264 = -q*w. Calculate the highest common divisor of 99 and w.
99
Let d = -683 - -1508. Calculate the greatest common divisor of 60 and d.
15
Suppose 27*q - 26*q = 2. Suppose q*y + 6 + 4 = 0, -t = 3*y - 96. Calculate the highest common factor of t and 74.
37
Let x(v) = -v**3 + 38*v**2 - 67*v - 25. Let o be x(36). Suppose -360 = 150*j - o*j. Calculate the greatest common factor of j and 168.
24
Suppose -42 = -2*z - 2*c, -3*c - 44 = -2*z - 17. Suppose -b + 3*u - z = -36, 0 = b + 5*u - 26. What is the greatest common divisor of b and 273?
21
Suppose 0 = 2*k + 3*k - 2*i + 29, 4 = 2*i. Let y be (126/2)/((-1)/k). Let x be ((-10)/(-12) - 6/(-36)) + 34. Calculate the highest common divisor of x and y.
35
Let x = 36 + -104. Let a = -66 - x. Suppose s - i - a*i = -2, -4*s + i + 25 = 0. What is the highest common factor of 91 and s?
7
Suppose -k = 3*y - 2*k - 4, y - 12 = -5*k. Let q be (-5)/y*4484/(-95)*7. What is the greatest common factor of q and 59?
59
Suppose -2134 = -v + 3*g, 2*v + g = 3554 + 672. What is the greatest common divisor of 12 and v?
4
Let w(y) = y**3 - y**2 - 14*y + 84. Let j be w(5). Calculate the greatest common factor of j and 5890.
38
Suppose -536 - 4338 = -20*s - 314. Calculate the highest common factor of s and 1356.
12
Let j = -201 - -531. Let z = 484 - j. Let w(o) = o**3 + 7*o**2 + 3*o + 4. Let n be w(-6). Calculate the highest common factor of z and n.
22
Let l(g) be the second derivative of g**4/2 + g**3/2 - 18*g**2 + 12*g + 4. Let s be l(7). Calculate the greatest common divisor of s and 9.
9
Let n be 41488/88 - ((-42)/(-77))/(-1). What is the greatest common divisor of 8 and n?
8
Let d be 704/14 + (-4)/14. Suppose 0 = 14*z - 7*z - 2247. Suppose -z + 621 = 4*c. What is the highest common factor of c and d?
25
Suppose s = 2 - 7, 4*p = 5*s + 245. Suppose 2*i - 2*j - 26 = 0, -2*j + 10 = -0*i + i. Let l be (i + 21)*4/6. Calculate the highest common divisor of l and p.
11
Let t = -9497 + 11117. Calculate the greatest common divisor of t and 4.
4
Let i = 614 + -354. Let k be (-10)/55 - (-1)/((-11)/(-1718)). What is the highest common divisor of i and k?
52
Let c(a) be the third derivative of a**6/120 + a**5/15 - 7*a**4/12 + 5*a**3/2 - 2*a**2 + 35. Let l be c(-5). What is the greatest common divisor of l and 84?
12
Let f be -12 - (-65412)/180 - -1*2/(-5). What is the greatest common factor of 33 and f?
3
Suppose 2*a - 4 = 3*a - 2*g, -3*g + 7 = -a. Suppose -a*l - 30 = -f, 4*l = -f + 5*l + 26. Calculate the highest common divisor of f and 22.
22
Suppose 421*j + 154 = 432*j. Let y(i) = -i. Let b be y(-3). Suppose 4*k = -5*h + 18, -b*h + 0*k = -5*k + 4. What is the highest common factor of h and j?
2
Suppose 0 = 2*g - 3*i - 27, g - 21 = -2*g - 2*i. Suppose -2*k - 5*m + 243 = 0, g*m - 12*m + 598 = 5*k. What is the highest common factor of 14 and k?
7
Let l be ((-8000)/210 + 38)*-168. Let k = -1 - -2. Let y be k/5 - (-78)/10. What is the highest common divisor of y and l?
8
Let b(o) be the first derivative of o**3/3 + 7*o**2 - 4*o - 224. Let a be b(-16). What is the greatest common divisor of 4 and a?
4
Suppose 676 = 7*l + 60. Let v(r) = -5*r - 2. Let q be 5/15 + (-14)/6. Let o be v(q). Calculate the highest common factor of o and l.
8
Let i = -119 + 246. Suppose -63 = -5*t + i. Calculate the highest common divisor of 95 and t.
19
Let u be (-59307)/(-212) + ((-52)/(-16) - 3). Suppose -5*n - y = -198, -7 - 43 = -n + 5*y. What is the greatest common divisor of n and u?
40
Let o(s) be the first derivative of 22*s**3/3 - 23*s**2/2 - 82. Let g be o(2). What is the greatest common divisor of 84 and g?
42
Suppose 154 = -9*j + 23*j. Suppose 8 = 4*m, -j*p + 8*p + 3805 = -m. Calculate the highest common divisor of 47 and p.
47
Suppose -80*w + 11373 - 352 = 781. What is the greatest common divisor of w and 160?
32
Suppose -63246 = -4*n - 118*h + 119*h, 2*n - h = 31620. What is the greatest common divisor of 126 and n?
63
Let f = -103 + 344. Let z = f + -220. Calculate the greatest common divisor of 28 and z.
7
Suppose 2885 = 23*j - 20437. What is the highest common divisor of 182 and j?
26
Let d(n) be the second derivative of n**5/20 - n**4/4 - 5*n**3/6 + 3*n**2/2 + n - 16. Let v be d(5). What is the highest common factor of 42 and v?
14
Let i(p) = 4*p**3 - 2*p**2. Let g be i(-1). Let s be (-275)/(-10) + 3/g. Let a = s - 14. Calculate the highest common factor of 52 and a.
13
Let j be (0 - 53)*(3 + -2). Suppose -246*n - 79 = m - 245*n, -3*m + n - 253 = 0. Let b = j - m. Calculate the greatest common factor of 40 and b.
10
Suppose 5344 + 3988 = 2*k + 2*z, -3*k + 3*z = -13968. Calculate the highest common divisor of 79 and k.
79
Let o(y) = -y**3 + 8*y**2 + 5. Let f be o(7). Let r be -140 + 159 - (-2)/(-4)*2. What is the highest common divisor of r and f?
18
Let h(t) = 87*t + 134. Let q be h(15). Suppose 5*d + 3*s - q = 0, 4*s - 1156 = -4*d - 0*s. What is the highest common divisor of d and 104?
26
Suppose -2*d - 4*w + 17 = -49, 89 = 3*d - 4*w. Suppose d = 4*o + 23. Suppose o*u - 2 = 2. Calculate the greatest common factor of u and 18.
2
Suppose 4*c - 178 = -g - 107, -4*g + 50 = 3*c. Calculate the greatest common factor of c and 1746.
18
Let l be (14/(-35))/(2/(-300)). Suppose 0 = -3*v + 69 + l. What is the highest common divisor of v and 43?
43
Let s be (9/(-12))/(-3 + (-125)/(-40)). Let b be s*(9/6 + -5). Let y be ((-3)/(-3))/(2/98). What is the greatest common divisor of b and y?
7
Suppose 7*r - 9*r = -352. Let i = -683 - -699. What is the highest common factor of r and i?
16
Suppose 5*z - 188*q - 80 = -185*q, 6 = 2*z + 4*q. What is the highest common factor of z and 2977?
13
Let a(n) = n**2 - 6*n + 1. Let h(o) = -o**2 - 13*o - 24. Let b be h(-10). Let d be a(b). Calculate the greatest common divisor of 19 and d.
1
Let k = -652 + 946. What is the highest common factor of k and 18?
6
Let o(u) = -2*u**3 - 73*u**2 + 150*u + 4234. Let q be o(-37). Let t = 135 - -77. Calculate the greatest common factor of t and q.
53
Let i be ((-148)/20)/(((-754)/51610)/29). Calculate the greatest common factor of i and 37.
37
Let l = 479 - 215. Let b = 137 + -104. Let g = b + -9. What is the greatest common divisor of g and l?
24
Let k be (-5 + 1)*(-6 + -1). Let z = k - 2. Let q = -431037 - -431102. What is the greatest common divisor of z and q?
13
Suppose -272 = -9*h - 29. Let p(t) = 36*t + 1710. Let w be p(-25). What is the greatest common factor of w and h?
27
Let x(t) = 28*t + 7. Let f be x(2). Let a be (-4)/(-14) + (-36)/(-21). Suppose -6 - 12 = -a*j. What is the highest common factor of f and j?
9
Suppose 5828 = 3*a - 4*q, 5*a - 57*q = -61*q + 9660. Calculate the greatest common factor of a an